{"id":28,"date":"2020-05-21T13:30:53","date_gmt":"2020-05-21T11:30:53","guid":{"rendered":"https:\/\/www.rechtsanwalt-kirchdorf.at\/?page_id=28"},"modified":"2020-06-28T12:24:48","modified_gmt":"2020-06-28T10:24:48","slug":"rechtsgebiete","status":"publish","type":"page","link":"https:\/\/www.rechtsanwalt-kirchdorf.at\/?page_id=28","title":{"rendered":"T\u00e4tigkeitsbereiche"},"content":{"rendered":"\n<p><strong>Unser T\u00e4tigkeitsbereich erstreckt sich insbesondere auf folgende Rechtsgebiete:<\/strong><\/p>\n\n\n\n<ul class=\"wp-block-list\"><li>Ehe- und Familienrecht (Ehescheidungen, Unterhalt, Obsorge)<\/li><li>Erbrecht und Verlassenschaftsabhandlungen<\/li><li>Schadenersatz- und Gew\u00e4hrleistungsrecht, Produkthaftung<\/li><li>Handelsrecht , Konsumentenschutzrecht<\/li><li>Inkassowesen und Exekutionsrecht<\/li><li>Vertretungen in Konkurs-, Ausgleichs- und Privatkonkursverfahren<\/li><li>Liegenschafts- und Immobilienrecht, Erstellung von Vertr\u00e4gen aller Art<\/li><li>Luftfahrtrecht<\/li><li>Miet- und Wohnrecht<\/li><li>Schirecht, Alpinrecht<\/li><li>Strafrecht (Strafverteidigungen, Vertretung von Verbrechensopfern)<\/li><li>Vereinsrecht<\/li><li>Verkehrsrecht und Unfallsch\u00e4den<\/li><li>Versicherungsrecht<\/li><li>Verwaltungs(straf)recht und Zivilrecht<\/li><\/ul>\n\n\n\n<p><\/p>\n","protected":false},"excerpt":{"rendered":"<p>Unser T\u00e4tigkeitsbereich erstreckt sich insbesondere auf folgende Rechtsgebiete: Ehe- und Familienrecht (Ehescheidungen, Unterhalt, Obsorge) Erbrecht und Verlassenschaftsabhandlungen Schadenersatz- und Gew\u00e4hrleistungsrecht, Produkthaftung Handelsrecht , Konsumentenschutzrecht Inkassowesen und Exekutionsrecht Vertretungen in Konkurs-, Ausgleichs- und Privatkonkursverfahren Liegenschafts- und Immobilienrecht, Erstellung von Vertr\u00e4gen aller Art Luftfahrtrecht Miet- und Wohnrecht Schirecht, Alpinrecht Strafrecht (Strafverteidigungen, Vertretung von Verbrechensopfern) Vereinsrecht Verkehrsrecht und [&hellip;]<\/p>\n","protected":false},"author":1,"featured_media":0,"parent":0,"menu_order":4,"comment_status":"closed","ping_status":"closed","template":"","meta":{"footnotes":""},"class_list":["post-28","page","type-page","status-publish","hentry","missing-thumbnail"],"yoast_head":"<!-- This site is optimized with the Yoast SEO plugin v20.6 - https:\/\/yoast.com\/wordpress\/plugins\/seo\/ -->\n<title>T\u00e4tigkeitsbereiche - Kanzlei Dr. Erich Bern\u00f6gger<\/title>\n<meta name=\"robots\" content=\"index, follow, max-snippet:-1, max-image-preview:large, max-video-preview:-1\" \/>\n<link rel=\"canonical\" href=\"https:\/\/www.rechtsanwalt-kirchdorf.at\/?page_id=28\" \/>\n<meta property=\"og:locale\" content=\"de_DE\" \/>\n<meta property=\"og:type\" content=\"article\" \/>\n<meta property=\"og:title\" content=\"T\u00e4tigkeitsbereiche - Kanzlei Dr. Erich Bern\u00f6gger\" \/>\n<meta property=\"og:description\" content=\"Unser T\u00e4tigkeitsbereich erstreckt sich insbesondere auf folgende Rechtsgebiete: Ehe- und Familienrecht (Ehescheidungen, Unterhalt, Obsorge) Erbrecht und Verlassenschaftsabhandlungen Schadenersatz- und Gew\u00e4hrleistungsrecht, Produkthaftung Handelsrecht , Konsumentenschutzrecht Inkassowesen und Exekutionsrecht Vertretungen in Konkurs-, Ausgleichs- und Privatkonkursverfahren Liegenschafts- und Immobilienrecht, Erstellung von Vertr\u00e4gen aller Art Luftfahrtrecht Miet- und Wohnrecht Schirecht, Alpinrecht Strafrecht (Strafverteidigungen, Vertretung von Verbrechensopfern) Vereinsrecht Verkehrsrecht und [&hellip;]\" \/>\n<meta property=\"og:url\" content=\"https:\/\/www.rechtsanwalt-kirchdorf.at\/?page_id=28\" \/>\n<meta property=\"og:site_name\" content=\"Kanzlei Dr. Erich Bern\u00f6gger\" \/>\n<meta property=\"article:modified_time\" content=\"2020-06-28T10:24:48+00:00\" \/>\n<meta name=\"twitter:card\" content=\"summary_large_image\" \/>\n<script type=\"application\/ld+json\" class=\"yoast-schema-graph\">{\"@context\":\"https:\/\/schema.org\",\"@graph\":[{\"@type\":\"WebPage\",\"@id\":\"https:\/\/www.rechtsanwalt-kirchdorf.at\/?page_id=28\",\"url\":\"https:\/\/www.rechtsanwalt-kirchdorf.at\/?page_id=28\",\"name\":\"T\u00e4tigkeitsbereiche - Kanzlei Dr. Erich Bern\u00f6gger\",\"isPartOf\":{\"@id\":\"https:\/\/www.rechtsanwalt-kirchdorf.at\/#website\"},\"datePublished\":\"2020-05-21T11:30:53+00:00\",\"dateModified\":\"2020-06-28T10:24:48+00:00\",\"breadcrumb\":{\"@id\":\"https:\/\/www.rechtsanwalt-kirchdorf.at\/?page_id=28#breadcrumb\"},\"inLanguage\":\"de\",\"potentialAction\":[{\"@type\":\"ReadAction\",\"target\":[\"https:\/\/www.rechtsanwalt-kirchdorf.at\/?page_id=28\"]}]},{\"@type\":\"BreadcrumbList\",\"@id\":\"https:\/\/www.rechtsanwalt-kirchdorf.at\/?page_id=28#breadcrumb\",\"itemListElement\":[{\"@type\":\"ListItem\",\"position\":1,\"name\":\"Startseite\",\"item\":\"https:\/\/www.rechtsanwalt-kirchdorf.at\/\"},{\"@type\":\"ListItem\",\"position\":2,\"name\":\"T\u00e4tigkeitsbereiche\"}]},{\"@type\":\"WebSite\",\"@id\":\"https:\/\/www.rechtsanwalt-kirchdorf.at\/#website\",\"url\":\"https:\/\/www.rechtsanwalt-kirchdorf.at\/\",\"name\":\"Kanzlei Dr. Erich Bern\u00f6gger\",\"description\":\"Rechtsanwalt in Kirchdorf\",\"potentialAction\":[{\"@type\":\"SearchAction\",\"target\":{\"@type\":\"EntryPoint\",\"urlTemplate\":\"https:\/\/www.rechtsanwalt-kirchdorf.at\/?s={search_term_string}\"},\"query-input\":\"required name=search_term_string\"}],\"inLanguage\":\"de\"}]}<\/script>\n<!-- \/ Yoast SEO plugin. -->","yoast_head_json":{"title":"T\u00e4tigkeitsbereiche - Kanzlei Dr. Erich Bern\u00f6gger","robots":{"index":"index","follow":"follow","max-snippet":"max-snippet:-1","max-image-preview":"max-image-preview:large","max-video-preview":"max-video-preview:-1"},"canonical":"https:\/\/www.rechtsanwalt-kirchdorf.at\/?page_id=28","og_locale":"de_DE","og_type":"article","og_title":"T\u00e4tigkeitsbereiche - Kanzlei Dr. Erich Bern\u00f6gger","og_description":"Unser T\u00e4tigkeitsbereich erstreckt sich insbesondere auf folgende Rechtsgebiete: Ehe- und Familienrecht (Ehescheidungen, Unterhalt, Obsorge) Erbrecht und Verlassenschaftsabhandlungen Schadenersatz- und Gew\u00e4hrleistungsrecht, Produkthaftung Handelsrecht , Konsumentenschutzrecht Inkassowesen und Exekutionsrecht Vertretungen in Konkurs-, Ausgleichs- und Privatkonkursverfahren Liegenschafts- und Immobilienrecht, Erstellung von Vertr\u00e4gen aller Art Luftfahrtrecht Miet- und Wohnrecht Schirecht, Alpinrecht Strafrecht (Strafverteidigungen, Vertretung von Verbrechensopfern) Vereinsrecht Verkehrsrecht und [&hellip;]","og_url":"https:\/\/www.rechtsanwalt-kirchdorf.at\/?page_id=28","og_site_name":"Kanzlei Dr. Erich Bern\u00f6gger","article_modified_time":"2020-06-28T10:24:48+00:00","twitter_card":"summary_large_image","schema":{"@context":"https:\/\/schema.org","@graph":[{"@type":"WebPage","@id":"https:\/\/www.rechtsanwalt-kirchdorf.at\/?page_id=28","url":"https:\/\/www.rechtsanwalt-kirchdorf.at\/?page_id=28","name":"T\u00e4tigkeitsbereiche - Kanzlei Dr. Erich Bern\u00f6gger","isPartOf":{"@id":"https:\/\/www.rechtsanwalt-kirchdorf.at\/#website"},"datePublished":"2020-05-21T11:30:53+00:00","dateModified":"2020-06-28T10:24:48+00:00","breadcrumb":{"@id":"https:\/\/www.rechtsanwalt-kirchdorf.at\/?page_id=28#breadcrumb"},"inLanguage":"de","potentialAction":[{"@type":"ReadAction","target":["https:\/\/www.rechtsanwalt-kirchdorf.at\/?page_id=28"]}]},{"@type":"BreadcrumbList","@id":"https:\/\/www.rechtsanwalt-kirchdorf.at\/?page_id=28#breadcrumb","itemListElement":[{"@type":"ListItem","position":1,"name":"Startseite","item":"https:\/\/www.rechtsanwalt-kirchdorf.at\/"},{"@type":"ListItem","position":2,"name":"T\u00e4tigkeitsbereiche"}]},{"@type":"WebSite","@id":"https:\/\/www.rechtsanwalt-kirchdorf.at\/#website","url":"https:\/\/www.rechtsanwalt-kirchdorf.at\/","name":"Kanzlei Dr. Erich Bern\u00f6gger","description":"Rechtsanwalt in Kirchdorf","potentialAction":[{"@type":"SearchAction","target":{"@type":"EntryPoint","urlTemplate":"https:\/\/www.rechtsanwalt-kirchdorf.at\/?s={search_term_string}"},"query-input":"required name=search_term_string"}],"inLanguage":"de"}]}},"_links":{"self":[{"href":"https:\/\/www.rechtsanwalt-kirchdorf.at\/index.php?rest_route=\/wp\/v2\/pages\/28","targetHints":{"allow":["GET"]}}],"collection":[{"href":"https:\/\/www.rechtsanwalt-kirchdorf.at\/index.php?rest_route=\/wp\/v2\/pages"}],"about":[{"href":"https:\/\/www.rechtsanwalt-kirchdorf.at\/index.php?rest_route=\/wp\/v2\/types\/page"}],"author":[{"embeddable":true,"href":"https:\/\/www.rechtsanwalt-kirchdorf.at\/index.php?rest_route=\/wp\/v2\/users\/1"}],"replies":[{"embeddable":true,"href":"https:\/\/www.rechtsanwalt-kirchdorf.at\/index.php?rest_route=%2Fwp%2Fv2%2Fcomments&post=28"}],"version-history":[{"count":3,"href":"https:\/\/www.rechtsanwalt-kirchdorf.at\/index.php?rest_route=\/wp\/v2\/pages\/28\/revisions"}],"predecessor-version":[{"id":70,"href":"https:\/\/www.rechtsanwalt-kirchdorf.at\/index.php?rest_route=\/wp\/v2\/pages\/28\/revisions\/70"}],"wp:attachment":[{"href":"https:\/\/www.rechtsanwalt-kirchdorf.at\/index.php?rest_route=%2Fwp%2Fv2%2Fmedia&parent=28"}],"curies":[{"name":"wp","href":"https:\/\/api.w.org\/{rel}","templated":true}]}}